{"id":11,"date":"2024-04-01T10:31:26","date_gmt":"2024-04-01T10:31:26","guid":{"rendered":"https:\/\/looduskiiker.ee\/loodusgiid\/galerii\/"},"modified":"2025-04-14T23:21:50","modified_gmt":"2025-04-14T20:21:50","slug":"galerii","status":"publish","type":"page","link":"https:\/\/looduskiiker.ee\/loodusgiid\/galerii\/","title":{"rendered":"Galerii"},"content":{"rendered":"\r\n<div class=\"wp-block-group alignfull has-background-background-color has-background is-layout-constrained wp-block-group-is-layout-constrained\" style=\"margin-top: 0; margin-bottom: 0; padding-top: 0;\">\r\n<div class=\"wp-block-cover alignfull\" style=\"min-height: 50px; padding: 0 var(--wp--preset--spacing--30) 0 var(--wp--preset--spacing--30);aspect-ratio:unset;\"><img fetchpriority=\"high\" decoding=\"async\" width=\"1280\" height=\"1920\" class=\"wp-block-cover__image-background wp-image-110\" src=\"https:\/\/looduskiiker.ee\/loodusgiid\/wp-content\/uploads\/2024\/08\/ff452c9676ff075dc5e2733a35b111e57c920dab.jpg\" alt=\"\" data-object-fit=\"cover\" srcset=\"https:\/\/looduskiiker.ee\/loodusgiid\/wp-content\/uploads\/2024\/08\/ff452c9676ff075dc5e2733a35b111e57c920dab.jpg 1280w, https:\/\/looduskiiker.ee\/loodusgiid\/wp-content\/uploads\/2024\/08\/ff452c9676ff075dc5e2733a35b111e57c920dab-200x300.jpg 200w, https:\/\/looduskiiker.ee\/loodusgiid\/wp-content\/uploads\/2024\/08\/ff452c9676ff075dc5e2733a35b111e57c920dab-683x1024.jpg 683w, https:\/\/looduskiiker.ee\/loodusgiid\/wp-content\/uploads\/2024\/08\/ff452c9676ff075dc5e2733a35b111e57c920dab-768x1152.jpg 768w, https:\/\/looduskiiker.ee\/loodusgiid\/wp-content\/uploads\/2024\/08\/ff452c9676ff075dc5e2733a35b111e57c920dab-1024x1536.jpg 1024w\" sizes=\"(max-width: 1280px) 100vw, 1280px\" \/>\r\n<div class=\"wp-block-cover__inner-container is-layout-flow wp-block-cover-is-layout-flow\">\r\n<div class=\"wp-block-group is-layout-constrained wp-block-group-is-layout-constrained\" style=\"padding-top: var(--wp--preset--spacing--60); padding-bottom: var(--wp--preset--spacing--60);\">\r\n<h1 class=\"wp-block-heading alignwide has-text-align-left has-text-color has-x-large-font-size\" style=\"color: #fffffffc;\">M\u00f5ned minu loodusfotod<\/h1>\r\n<\/div>\r\n<\/div>\r\n<\/div>\r\n<\/div>\r\n\r\n\r\n\r\n<div class=\"inherit-container-width wp-block-group alignwide has-background-background-color has-background is-layout-constrained wp-container-core-group-is-layout-a5842943 wp-block-group-is-layout-constrained\" style=\"padding: var(--wp--preset--spacing--60) var(--wp--preset--spacing--30) var(--wp--preset--spacing--60) var(--wp--preset--spacing--30);\">\r\n<div class=\"wp-block-columns alignwide is-layout-flex wp-container-core-columns-is-layout-87beb0d0 wp-block-columns-is-layout-flex\">\r\n<div class=\"wp-block-column is-layout-flow wp-block-column-is-layout-flow\">\r\n<figure data-wp-context=\"{&quot;imageId&quot;:&quot;69f0cbb15f8e9&quot;}\" data-wp-interactive=\"core\/image\" data-wp-key=\"69f0cbb15f8e9\" class=\"wp-block-image size-large wp-lightbox-container\"><img decoding=\"async\" width=\"683\" height=\"1024\" data-wp-class--hide=\"state.isContentHidden\" data-wp-class--show=\"state.isContentVisible\" data-wp-init=\"callbacks.setButtonStyles\" data-wp-on--click=\"actions.showLightbox\" data-wp-on--load=\"callbacks.setButtonStyles\" data-wp-on-window--resize=\"callbacks.setButtonStyles\" class=\"wp-image-39\" src=\"https:\/\/looduskiiker.ee\/loodusgiid\/wp-content\/uploads\/2024\/04\/IMGP5049-683x1024.jpg\" alt=\"\" srcset=\"https:\/\/looduskiiker.ee\/loodusgiid\/wp-content\/uploads\/2024\/04\/IMGP5049-683x1024.jpg 683w, https:\/\/looduskiiker.ee\/loodusgiid\/wp-content\/uploads\/2024\/04\/IMGP5049-200x300.jpg 200w, https:\/\/looduskiiker.ee\/loodusgiid\/wp-content\/uploads\/2024\/04\/IMGP5049-768x1152.jpg 768w, https:\/\/looduskiiker.ee\/loodusgiid\/wp-content\/uploads\/2024\/04\/IMGP5049-1024x1536.jpg 1024w, https:\/\/looduskiiker.ee\/loodusgiid\/wp-content\/uploads\/2024\/04\/IMGP5049-1365x2048.jpg 1365w, https:\/\/looduskiiker.ee\/loodusgiid\/wp-content\/uploads\/2024\/04\/IMGP5049-scaled.jpg 1707w\" sizes=\"(max-width: 683px) 100vw, 683px\" \/><button\n\t\t\tclass=\"lightbox-trigger\"\n\t\t\ttype=\"button\"\n\t\t\taria-haspopup=\"dialog\"\n\t\t\taria-label=\"Enlarge\"\n\t\t\tdata-wp-init=\"callbacks.initTriggerButton\"\n\t\t\tdata-wp-on--click=\"actions.showLightbox\"\n\t\t\tdata-wp-style--right=\"state.imageButtonRight\"\n\t\t\tdata-wp-style--top=\"state.imageButtonTop\"\n\t\t>\n\t\t\t<svg xmlns=\"http:\/\/www.w3.org\/2000\/svg\" width=\"12\" height=\"12\" fill=\"none\" viewBox=\"0 0 12 12\">\n\t\t\t\t<path fill=\"#fff\" d=\"M2 0a2 2 0 0 0-2 2v2h1.5V2a.5.5 0 0 1 .5-.5h2V0H2Zm2 10.5H2a.5.5 0 0 1-.5-.5V8H0v2a2 2 0 0 0 2 2h2v-1.5ZM8 12v-1.5h2a.5.5 0 0 0 .5-.5V8H12v2a2 2 0 0 1-2 2H8Zm2-12a2 2 0 0 1 2 2v2h-1.5V2a.5.5 0 0 0-.5-.5H8V0h2Z\" \/>\n\t\t\t<\/svg>\n\t\t<\/button><\/figure>\r\n\r\n\r\n\r\n<figure data-wp-context=\"{&quot;imageId&quot;:&quot;69f0cbb15fbc9&quot;}\" data-wp-interactive=\"core\/image\" data-wp-key=\"69f0cbb15fbc9\" class=\"wp-block-image size-large wp-lightbox-container\"><img decoding=\"async\" width=\"1024\" height=\"791\" data-wp-class--hide=\"state.isContentHidden\" data-wp-class--show=\"state.isContentVisible\" data-wp-init=\"callbacks.setButtonStyles\" data-wp-on--click=\"actions.showLightbox\" data-wp-on--load=\"callbacks.setButtonStyles\" data-wp-on-window--resize=\"callbacks.setButtonStyles\" class=\"wp-image-55\" src=\"https:\/\/looduskiiker.ee\/loodusgiid\/wp-content\/uploads\/2024\/04\/bug-1024x791.jpg\" alt=\"\" srcset=\"https:\/\/looduskiiker.ee\/loodusgiid\/wp-content\/uploads\/2024\/04\/bug-1024x791.jpg 1024w, https:\/\/looduskiiker.ee\/loodusgiid\/wp-content\/uploads\/2024\/04\/bug-300x232.jpg 300w, https:\/\/looduskiiker.ee\/loodusgiid\/wp-content\/uploads\/2024\/04\/bug-768x593.jpg 768w, https:\/\/looduskiiker.ee\/loodusgiid\/wp-content\/uploads\/2024\/04\/bug-1536x1187.jpg 1536w, https:\/\/looduskiiker.ee\/loodusgiid\/wp-content\/uploads\/2024\/04\/bug-2048x1583.jpg 2048w\" sizes=\"(max-width: 1024px) 100vw, 1024px\" \/><button\n\t\t\tclass=\"lightbox-trigger\"\n\t\t\ttype=\"button\"\n\t\t\taria-haspopup=\"dialog\"\n\t\t\taria-label=\"Enlarge\"\n\t\t\tdata-wp-init=\"callbacks.initTriggerButton\"\n\t\t\tdata-wp-on--click=\"actions.showLightbox\"\n\t\t\tdata-wp-style--right=\"state.imageButtonRight\"\n\t\t\tdata-wp-style--top=\"state.imageButtonTop\"\n\t\t>\n\t\t\t<svg xmlns=\"http:\/\/www.w3.org\/2000\/svg\" width=\"12\" height=\"12\" fill=\"none\" viewBox=\"0 0 12 12\">\n\t\t\t\t<path fill=\"#fff\" d=\"M2 0a2 2 0 0 0-2 2v2h1.5V2a.5.5 0 0 1 .5-.5h2V0H2Zm2 10.5H2a.5.5 0 0 1-.5-.5V8H0v2a2 2 0 0 0 2 2h2v-1.5ZM8 12v-1.5h2a.5.5 0 0 0 .5-.5V8H12v2a2 2 0 0 1-2 2H8Zm2-12a2 2 0 0 1 2 2v2h-1.5V2a.5.5 0 0 0-.5-.5H8V0h2Z\" \/>\n\t\t\t<\/svg>\n\t\t<\/button><\/figure>\r\n\r\n\r\n\r\n<figure class=\"wp-block-image size-large\"><img loading=\"lazy\" decoding=\"async\" width=\"1024\" height=\"1024\" class=\"wp-image-60\" src=\"https:\/\/looduskiiker.ee\/loodusgiid\/wp-content\/uploads\/2024\/04\/tommukapp4-1024x1024.jpg\" alt=\"\" srcset=\"https:\/\/looduskiiker.ee\/loodusgiid\/wp-content\/uploads\/2024\/04\/tommukapp4-1024x1024.jpg 1024w, https:\/\/looduskiiker.ee\/loodusgiid\/wp-content\/uploads\/2024\/04\/tommukapp4-300x300.jpg 300w, https:\/\/looduskiiker.ee\/loodusgiid\/wp-content\/uploads\/2024\/04\/tommukapp4-150x150.jpg 150w, https:\/\/looduskiiker.ee\/loodusgiid\/wp-content\/uploads\/2024\/04\/tommukapp4-768x768.jpg 768w, https:\/\/looduskiiker.ee\/loodusgiid\/wp-content\/uploads\/2024\/04\/tommukapp4-1536x1536.jpg 1536w, https:\/\/looduskiiker.ee\/loodusgiid\/wp-content\/uploads\/2024\/04\/tommukapp4-2048x2048.jpg 2048w\" sizes=\"(max-width: 1024px) 100vw, 1024px\" \/><\/figure>\r\n<\/div>\r\n\r\n\r\n\r\n<div class=\"wp-block-column is-vertically-aligned-top is-layout-flow wp-block-column-is-layout-flow\" style=\"padding-top: var(--wp--preset--spacing--40);\">\r\n<figure data-wp-context=\"{&quot;imageId&quot;:&quot;69f0cbb15fe4c&quot;}\" data-wp-interactive=\"core\/image\" data-wp-key=\"69f0cbb15fe4c\" class=\"wp-block-image size-large wp-lightbox-container\"><img loading=\"lazy\" decoding=\"async\" width=\"686\" height=\"1024\" data-wp-class--hide=\"state.isContentHidden\" data-wp-class--show=\"state.isContentVisible\" data-wp-init=\"callbacks.setButtonStyles\" data-wp-on--click=\"actions.showLightbox\" data-wp-on--load=\"callbacks.setButtonStyles\" data-wp-on-window--resize=\"callbacks.setButtonStyles\" class=\"wp-image-41\" src=\"https:\/\/looduskiiker.ee\/loodusgiid\/wp-content\/uploads\/2024\/04\/sipelgas-copy-686x1024.jpg\" alt=\"\" srcset=\"https:\/\/looduskiiker.ee\/loodusgiid\/wp-content\/uploads\/2024\/04\/sipelgas-copy-686x1024.jpg 686w, https:\/\/looduskiiker.ee\/loodusgiid\/wp-content\/uploads\/2024\/04\/sipelgas-copy-201x300.jpg 201w, https:\/\/looduskiiker.ee\/loodusgiid\/wp-content\/uploads\/2024\/04\/sipelgas-copy-768x1147.jpg 768w, https:\/\/looduskiiker.ee\/loodusgiid\/wp-content\/uploads\/2024\/04\/sipelgas-copy-1029x1536.jpg 1029w, https:\/\/looduskiiker.ee\/loodusgiid\/wp-content\/uploads\/2024\/04\/sipelgas-copy-1372x2048.jpg 1372w, https:\/\/looduskiiker.ee\/loodusgiid\/wp-content\/uploads\/2024\/04\/sipelgas-copy-scaled.jpg 1715w\" sizes=\"(max-width: 686px) 100vw, 686px\" \/><button\n\t\t\tclass=\"lightbox-trigger\"\n\t\t\ttype=\"button\"\n\t\t\taria-haspopup=\"dialog\"\n\t\t\taria-label=\"Enlarge\"\n\t\t\tdata-wp-init=\"callbacks.initTriggerButton\"\n\t\t\tdata-wp-on--click=\"actions.showLightbox\"\n\t\t\tdata-wp-style--right=\"state.imageButtonRight\"\n\t\t\tdata-wp-style--top=\"state.imageButtonTop\"\n\t\t>\n\t\t\t<svg xmlns=\"http:\/\/www.w3.org\/2000\/svg\" width=\"12\" height=\"12\" fill=\"none\" viewBox=\"0 0 12 12\">\n\t\t\t\t<path fill=\"#fff\" d=\"M2 0a2 2 0 0 0-2 2v2h1.5V2a.5.5 0 0 1 .5-.5h2V0H2Zm2 10.5H2a.5.5 0 0 1-.5-.5V8H0v2a2 2 0 0 0 2 2h2v-1.5ZM8 12v-1.5h2a.5.5 0 0 0 .5-.5V8H12v2a2 2 0 0 1-2 2H8Zm2-12a2 2 0 0 1 2 2v2h-1.5V2a.5.5 0 0 0-.5-.5H8V0h2Z\" \/>\n\t\t\t<\/svg>\n\t\t<\/button><\/figure>\r\n\r\n\r\n\r\n<figure data-wp-context=\"{&quot;imageId&quot;:&quot;69f0cbb160043&quot;}\" data-wp-interactive=\"core\/image\" data-wp-key=\"69f0cbb160043\" class=\"wp-block-image size-large wp-lightbox-container\"><img loading=\"lazy\" decoding=\"async\" width=\"1024\" height=\"791\" data-wp-class--hide=\"state.isContentHidden\" data-wp-class--show=\"state.isContentVisible\" data-wp-init=\"callbacks.setButtonStyles\" data-wp-on--click=\"actions.showLightbox\" data-wp-on--load=\"callbacks.setButtonStyles\" data-wp-on-window--resize=\"callbacks.setButtonStyles\" class=\"wp-image-56\" src=\"https:\/\/looduskiiker.ee\/loodusgiid\/wp-content\/uploads\/2024\/04\/yellowsunset-1024x791.jpg\" alt=\"\" srcset=\"https:\/\/looduskiiker.ee\/loodusgiid\/wp-content\/uploads\/2024\/04\/yellowsunset-1024x791.jpg 1024w, https:\/\/looduskiiker.ee\/loodusgiid\/wp-content\/uploads\/2024\/04\/yellowsunset-300x232.jpg 300w, https:\/\/looduskiiker.ee\/loodusgiid\/wp-content\/uploads\/2024\/04\/yellowsunset-768x593.jpg 768w, https:\/\/looduskiiker.ee\/loodusgiid\/wp-content\/uploads\/2024\/04\/yellowsunset-1536x1187.jpg 1536w, https:\/\/looduskiiker.ee\/loodusgiid\/wp-content\/uploads\/2024\/04\/yellowsunset-2048x1582.jpg 2048w\" sizes=\"(max-width: 1024px) 100vw, 1024px\" \/><button\n\t\t\tclass=\"lightbox-trigger\"\n\t\t\ttype=\"button\"\n\t\t\taria-haspopup=\"dialog\"\n\t\t\taria-label=\"Enlarge\"\n\t\t\tdata-wp-init=\"callbacks.initTriggerButton\"\n\t\t\tdata-wp-on--click=\"actions.showLightbox\"\n\t\t\tdata-wp-style--right=\"state.imageButtonRight\"\n\t\t\tdata-wp-style--top=\"state.imageButtonTop\"\n\t\t>\n\t\t\t<svg xmlns=\"http:\/\/www.w3.org\/2000\/svg\" width=\"12\" height=\"12\" fill=\"none\" viewBox=\"0 0 12 12\">\n\t\t\t\t<path fill=\"#fff\" d=\"M2 0a2 2 0 0 0-2 2v2h1.5V2a.5.5 0 0 1 .5-.5h2V0H2Zm2 10.5H2a.5.5 0 0 1-.5-.5V8H0v2a2 2 0 0 0 2 2h2v-1.5ZM8 12v-1.5h2a.5.5 0 0 0 .5-.5V8H12v2a2 2 0 0 1-2 2H8Zm2-12a2 2 0 0 1 2 2v2h-1.5V2a.5.5 0 0 0-.5-.5H8V0h2Z\" \/>\n\t\t\t<\/svg>\n\t\t<\/button><\/figure>\r\n\r\n\r\n\r\n<figure class=\"wp-block-image size-large\"><img loading=\"lazy\" decoding=\"async\" width=\"1024\" height=\"681\" class=\"wp-image-59\" src=\"https:\/\/looduskiiker.ee\/loodusgiid\/wp-content\/uploads\/2024\/04\/IMG-337-1024x681.jpg\" alt=\"\" srcset=\"https:\/\/looduskiiker.ee\/loodusgiid\/wp-content\/uploads\/2024\/04\/IMG-337-1024x681.jpg 1024w, https:\/\/looduskiiker.ee\/loodusgiid\/wp-content\/uploads\/2024\/04\/IMG-337-300x199.jpg 300w, https:\/\/looduskiiker.ee\/loodusgiid\/wp-content\/uploads\/2024\/04\/IMG-337-768x511.jpg 768w, https:\/\/looduskiiker.ee\/loodusgiid\/wp-content\/uploads\/2024\/04\/IMG-337-1536x1021.jpg 1536w, https:\/\/looduskiiker.ee\/loodusgiid\/wp-content\/uploads\/2024\/04\/IMG-337-2048x1362.jpg 2048w\" sizes=\"(max-width: 1024px) 100vw, 1024px\" \/><\/figure>\r\n<\/div>\r\n\r\n\r\n\r\n<div class=\"wp-block-column is-layout-flow wp-block-column-is-layout-flow\" style=\"padding-top: var(--wp--preset--spacing--60);\">\r\n<figure data-wp-context=\"{&quot;imageId&quot;:&quot;69f0cbb1602b7&quot;}\" data-wp-interactive=\"core\/image\" data-wp-key=\"69f0cbb1602b7\" class=\"wp-block-image size-large wp-lightbox-container\"><img loading=\"lazy\" decoding=\"async\" width=\"683\" height=\"1024\" data-wp-class--hide=\"state.isContentHidden\" data-wp-class--show=\"state.isContentVisible\" data-wp-init=\"callbacks.setButtonStyles\" data-wp-on--click=\"actions.showLightbox\" data-wp-on--load=\"callbacks.setButtonStyles\" data-wp-on-window--resize=\"callbacks.setButtonStyles\" class=\"wp-image-40\" src=\"https:\/\/looduskiiker.ee\/loodusgiid\/wp-content\/uploads\/2024\/04\/IMGP0645-copy-683x1024.jpg\" alt=\"\" srcset=\"https:\/\/looduskiiker.ee\/loodusgiid\/wp-content\/uploads\/2024\/04\/IMGP0645-copy-683x1024.jpg 683w, https:\/\/looduskiiker.ee\/loodusgiid\/wp-content\/uploads\/2024\/04\/IMGP0645-copy-200x300.jpg 200w, https:\/\/looduskiiker.ee\/loodusgiid\/wp-content\/uploads\/2024\/04\/IMGP0645-copy-768x1152.jpg 768w, https:\/\/looduskiiker.ee\/loodusgiid\/wp-content\/uploads\/2024\/04\/IMGP0645-copy-1024x1536.jpg 1024w, https:\/\/looduskiiker.ee\/loodusgiid\/wp-content\/uploads\/2024\/04\/IMGP0645-copy-1365x2048.jpg 1365w, https:\/\/looduskiiker.ee\/loodusgiid\/wp-content\/uploads\/2024\/04\/IMGP0645-copy-scaled.jpg 1707w\" sizes=\"(max-width: 683px) 100vw, 683px\" \/><button\n\t\t\tclass=\"lightbox-trigger\"\n\t\t\ttype=\"button\"\n\t\t\taria-haspopup=\"dialog\"\n\t\t\taria-label=\"Enlarge\"\n\t\t\tdata-wp-init=\"callbacks.initTriggerButton\"\n\t\t\tdata-wp-on--click=\"actions.showLightbox\"\n\t\t\tdata-wp-style--right=\"state.imageButtonRight\"\n\t\t\tdata-wp-style--top=\"state.imageButtonTop\"\n\t\t>\n\t\t\t<svg xmlns=\"http:\/\/www.w3.org\/2000\/svg\" width=\"12\" height=\"12\" fill=\"none\" viewBox=\"0 0 12 12\">\n\t\t\t\t<path fill=\"#fff\" d=\"M2 0a2 2 0 0 0-2 2v2h1.5V2a.5.5 0 0 1 .5-.5h2V0H2Zm2 10.5H2a.5.5 0 0 1-.5-.5V8H0v2a2 2 0 0 0 2 2h2v-1.5ZM8 12v-1.5h2a.5.5 0 0 0 .5-.5V8H12v2a2 2 0 0 1-2 2H8Zm2-12a2 2 0 0 1 2 2v2h-1.5V2a.5.5 0 0 0-.5-.5H8V0h2Z\" \/>\n\t\t\t<\/svg>\n\t\t<\/button><\/figure>\r\n\r\n\r\n\r\n<figure data-wp-context=\"{&quot;imageId&quot;:&quot;69f0cbb1604a7&quot;}\" data-wp-interactive=\"core\/image\" data-wp-key=\"69f0cbb1604a7\" class=\"wp-block-image size-large is-resized wp-lightbox-container\"><img loading=\"lazy\" decoding=\"async\" width=\"681\" height=\"1024\" data-wp-class--hide=\"state.isContentHidden\" data-wp-class--show=\"state.isContentVisible\" data-wp-init=\"callbacks.setButtonStyles\" data-wp-on--click=\"actions.showLightbox\" data-wp-on--load=\"callbacks.setButtonStyles\" data-wp-on-window--resize=\"callbacks.setButtonStyles\" class=\"wp-image-58\" style=\"width: 320px; height: auto;\" src=\"https:\/\/looduskiiker.ee\/loodusgiid\/wp-content\/uploads\/2024\/04\/IMG-285-681x1024.jpg\" alt=\"\" srcset=\"https:\/\/looduskiiker.ee\/loodusgiid\/wp-content\/uploads\/2024\/04\/IMG-285-681x1024.jpg 681w, https:\/\/looduskiiker.ee\/loodusgiid\/wp-content\/uploads\/2024\/04\/IMG-285-199x300.jpg 199w, https:\/\/looduskiiker.ee\/loodusgiid\/wp-content\/uploads\/2024\/04\/IMG-285-768x1155.jpg 768w, https:\/\/looduskiiker.ee\/loodusgiid\/wp-content\/uploads\/2024\/04\/IMG-285-1021x1536.jpg 1021w, https:\/\/looduskiiker.ee\/loodusgiid\/wp-content\/uploads\/2024\/04\/IMG-285-1362x2048.jpg 1362w, https:\/\/looduskiiker.ee\/loodusgiid\/wp-content\/uploads\/2024\/04\/IMG-285-scaled.jpg 1702w\" sizes=\"(max-width: 681px) 100vw, 681px\" \/><button\n\t\t\tclass=\"lightbox-trigger\"\n\t\t\ttype=\"button\"\n\t\t\taria-haspopup=\"dialog\"\n\t\t\taria-label=\"Enlarge\"\n\t\t\tdata-wp-init=\"callbacks.initTriggerButton\"\n\t\t\tdata-wp-on--click=\"actions.showLightbox\"\n\t\t\tdata-wp-style--right=\"state.imageButtonRight\"\n\t\t\tdata-wp-style--top=\"state.imageButtonTop\"\n\t\t>\n\t\t\t<svg xmlns=\"http:\/\/www.w3.org\/2000\/svg\" width=\"12\" height=\"12\" fill=\"none\" viewBox=\"0 0 12 12\">\n\t\t\t\t<path fill=\"#fff\" d=\"M2 0a2 2 0 0 0-2 2v2h1.5V2a.5.5 0 0 1 .5-.5h2V0H2Zm2 10.5H2a.5.5 0 0 1-.5-.5V8H0v2a2 2 0 0 0 2 2h2v-1.5ZM8 12v-1.5h2a.5.5 0 0 0 .5-.5V8H12v2a2 2 0 0 1-2 2H8Zm2-12a2 2 0 0 1 2 2v2h-1.5V2a.5.5 0 0 0-.5-.5H8V0h2Z\" \/>\n\t\t\t<\/svg>\n\t\t<\/button> <img loading=\"lazy\" decoding=\"async\" width=\"681\" height=\"1024\" data-wp-class--hide=\"state.isContentHidden\" data-wp-class--show=\"state.isContentVisible\" data-wp-init=\"callbacks.setButtonStyles\" data-wp-on--click=\"actions.showLightbox\" data-wp-on--load=\"callbacks.setButtonStyles\" data-wp-on-window--resize=\"callbacks.setButtonStyles\" class=\"wp-image-58\" style=\"width: 320px; height: auto;\" src=\"https:\/\/looduskiiker.ee\/loodusgiid\/wp-content\/uploads\/2024\/04\/IMG-285-681x1024.jpg\" alt=\"\" srcset=\"https:\/\/looduskiiker.ee\/loodusgiid\/wp-content\/uploads\/2024\/04\/IMG-285-681x1024.jpg 681w, https:\/\/looduskiiker.ee\/loodusgiid\/wp-content\/uploads\/2024\/04\/IMG-285-199x300.jpg 199w, https:\/\/looduskiiker.ee\/loodusgiid\/wp-content\/uploads\/2024\/04\/IMG-285-768x1155.jpg 768w, https:\/\/looduskiiker.ee\/loodusgiid\/wp-content\/uploads\/2024\/04\/IMG-285-1021x1536.jpg 1021w, https:\/\/looduskiiker.ee\/loodusgiid\/wp-content\/uploads\/2024\/04\/IMG-285-1362x2048.jpg 1362w, https:\/\/looduskiiker.ee\/loodusgiid\/wp-content\/uploads\/2024\/04\/IMG-285-scaled.jpg 1702w\" sizes=\"(max-width: 681px) 100vw, 681px\" \/><button\n\t\t\tclass=\"lightbox-trigger\"\n\t\t\ttype=\"button\"\n\t\t\taria-haspopup=\"dialog\"\n\t\t\taria-label=\"Enlarge\"\n\t\t\tdata-wp-init=\"callbacks.initTriggerButton\"\n\t\t\tdata-wp-on--click=\"actions.showLightbox\"\n\t\t\tdata-wp-style--right=\"state.imageButtonRight\"\n\t\t\tdata-wp-style--top=\"state.imageButtonTop\"\n\t\t>\n\t\t\t<svg xmlns=\"http:\/\/www.w3.org\/2000\/svg\" width=\"12\" height=\"12\" fill=\"none\" viewBox=\"0 0 12 12\">\n\t\t\t\t<path fill=\"#fff\" d=\"M2 0a2 2 0 0 0-2 2v2h1.5V2a.5.5 0 0 1 .5-.5h2V0H2Zm2 10.5H2a.5.5 0 0 1-.5-.5V8H0v2a2 2 0 0 0 2 2h2v-1.5ZM8 12v-1.5h2a.5.5 0 0 0 .5-.5V8H12v2a2 2 0 0 1-2 2H8Zm2-12a2 2 0 0 1 2 2v2h-1.5V2a.5.5 0 0 0-.5-.5H8V0h2Z\" \/>\n\t\t\t<\/svg>\n\t\t<\/button><\/figure>\r\n<\/div>\r\n<\/div>\r\n\r\n\r\n\r\n<div class=\"wp-block-columns is-layout-flex wp-container-core-columns-is-layout-28f84493 wp-block-columns-is-layout-flex\">\r\n<div class=\"wp-block-column is-layout-flow wp-block-column-is-layout-flow\" style=\"flex-basis: 100%;\">\u00a0<\/div>\r\n<\/div>\r\n<\/div>\r\n\r\n\r\n\r\n<div class=\"inherit-container-width wp-block-group alignfull has-background-background-color has-background is-layout-constrained wp-container-core-group-is-layout-7276a2bb wp-block-group-is-layout-constrained\" style=\"margin-top: 0; margin-bottom: 0; padding: var(--wp--preset--spacing--60) var(--wp--preset--spacing--30) var(--wp--preset--spacing--60) var(--wp--preset--spacing--30);\">\r\n<div class=\"wp-block-columns alignwide is-layout-flex wp-container-core-columns-is-layout-28f84493 wp-block-columns-is-layout-flex\">\r\n<div class=\"wp-block-column has-tertiary-background-color has-background is-layout-flow wp-block-column-is-layout-flow\">\r\n<div class=\"wp-block-group is-layout-constrained wp-container-core-group-is-layout-24fca791 wp-block-group-is-layout-constrained\" style=\"padding: var(--wp--preset--spacing--30) 24px var(--wp--preset--spacing--30) 24px;\">\r\n<p>L\u00e4bi aegade on olnud lemmik makrofoto, n\u00fc\u00fcd vaimustun juba ka lindudest, loomadeni on veel pikk ma minna.<\/p>\r\n\r\n\r\n\r\n<div class=\"wp-block-group is-nowrap is-layout-flex wp-container-core-group-is-layout-3b4e9d3e wp-block-group-is-layout-flex\">\r\n<figure class=\"wp-block-image aligncenter size-large is-resized is-style-rounded\"><img loading=\"lazy\" decoding=\"async\" width=\"1007\" height=\"1024\" class=\"wp-image-62\" style=\"width: 55px; height: auto;\" src=\"https:\/\/looduskiiker.ee\/loodusgiid\/wp-content\/uploads\/2024\/04\/FBprofiil-1007x1024.jpg\" alt=\"\" srcset=\"https:\/\/looduskiiker.ee\/loodusgiid\/wp-content\/uploads\/2024\/04\/FBprofiil-1007x1024.jpg 1007w, https:\/\/looduskiiker.ee\/loodusgiid\/wp-content\/uploads\/2024\/04\/FBprofiil-295x300.jpg 295w, https:\/\/looduskiiker.ee\/loodusgiid\/wp-content\/uploads\/2024\/04\/FBprofiil-768x781.jpg 768w, https:\/\/looduskiiker.ee\/loodusgiid\/wp-content\/uploads\/2024\/04\/FBprofiil-1510x1536.jpg 1510w, https:\/\/looduskiiker.ee\/loodusgiid\/wp-content\/uploads\/2024\/04\/FBprofiil-2014x2048.jpg 2014w\" sizes=\"(max-width: 1007px) 100vw, 1007px\" \/><\/figure>\r\n\r\n\r\n\r\n<div class=\"wp-block-group is-layout-constrained wp-block-group-is-layout-constrained\">\r\n<h4 class=\"wp-block-heading has-text-align-left has-small-font-size\">Pille<\/h4>\r\n\r\n\r\n\r\n<p class=\"has-text-align-left has-small-font-size\" style=\"margin-top: 2px;\">hobifotograaf<\/p>\r\n<\/div>\r\n<\/div>\r\n<\/div>\r\n<\/div>\r\n<\/div>\r\n<\/div>\r\n","protected":false},"excerpt":{"rendered":"<p>\u00a0 L\u00e4bi aegade on olnud lemmik makrofoto, n\u00fc\u00fcd vaimustun juba ka lindudest, loomadeni on veel pikk ma minna. Pille hobifotograaf<\/p>\n","protected":false},"author":1,"featured_media":0,"parent":0,"menu_order":0,"comment_status":"closed","ping_status":"closed","template":"","meta":{"site-sidebar-layout":"default","site-content-layout":"","ast-site-content-layout":"default","site-content-style":"default","site-sidebar-style":"default","ast-global-header-display":"","ast-banner-title-visibility":"","ast-main-header-display":"","ast-hfb-above-header-display":"","ast-hfb-below-header-display":"","ast-hfb-mobile-header-display":"","site-post-title":"","ast-breadcrumbs-content":"","ast-featured-img":"","footer-sml-layout":"","ast-disable-related-posts":"","theme-transparent-header-meta":"default","adv-header-id-meta":"","stick-header-meta":"","header-above-stick-meta":"","header-main-stick-meta":"","header-below-stick-meta":"","astra-migrate-meta-layouts":"set","ast-page-background-enabled":"default","ast-page-background-meta":{"desktop":{"background-color":"var(--ast-global-color-5)","background-image":"","background-repeat":"repeat","background-position":"center center","background-size":"auto","background-attachment":"scroll","background-type":"","background-media":"","overlay-type":"","overlay-color":"","overlay-opacity":"","overlay-gradient":""},"tablet":{"background-color":"","background-image":"","background-repeat":"repeat","background-position":"center center","background-size":"auto","background-attachment":"scroll","background-type":"","background-media":"","overlay-type":"","overlay-color":"","overlay-opacity":"","overlay-gradient":""},"mobile":{"background-color":"","background-image":"","background-repeat":"repeat","background-position":"center center","background-size":"auto","background-attachment":"scroll","background-type":"","background-media":"","overlay-type":"","overlay-color":"","overlay-opacity":"","overlay-gradient":""}},"ast-content-background-meta":{"desktop":{"background-color":"var(--ast-global-color-4)","background-image":"","background-repeat":"repeat","background-position":"center center","background-size":"auto","background-attachment":"scroll","background-type":"","background-media":"","overlay-type":"","overlay-color":"","overlay-opacity":"","overlay-gradient":""},"tablet":{"background-color":"var(--ast-global-color-4)","background-image":"","background-repeat":"repeat","background-position":"center center","background-size":"auto","background-attachment":"scroll","background-type":"","background-media":"","overlay-type":"","overlay-color":"","overlay-opacity":"","overlay-gradient":""},"mobile":{"background-color":"var(--ast-global-color-4)","background-image":"","background-repeat":"repeat","background-position":"center center","background-size":"auto","background-attachment":"scroll","background-type":"","background-media":"","overlay-type":"","overlay-color":"","overlay-opacity":"","overlay-gradient":""}},"footnotes":""},"class_list":["post-11","page","type-page","status-publish","hentry"],"_links":{"self":[{"href":"https:\/\/looduskiiker.ee\/loodusgiid\/wp-json\/wp\/v2\/pages\/11","targetHints":{"allow":["GET"]}}],"collection":[{"href":"https:\/\/looduskiiker.ee\/loodusgiid\/wp-json\/wp\/v2\/pages"}],"about":[{"href":"https:\/\/looduskiiker.ee\/loodusgiid\/wp-json\/wp\/v2\/types\/page"}],"author":[{"embeddable":true,"href":"https:\/\/looduskiiker.ee\/loodusgiid\/wp-json\/wp\/v2\/users\/1"}],"replies":[{"embeddable":true,"href":"https:\/\/looduskiiker.ee\/loodusgiid\/wp-json\/wp\/v2\/comments?post=11"}],"version-history":[{"count":4,"href":"https:\/\/looduskiiker.ee\/loodusgiid\/wp-json\/wp\/v2\/pages\/11\/revisions"}],"predecessor-version":[{"id":380,"href":"https:\/\/looduskiiker.ee\/loodusgiid\/wp-json\/wp\/v2\/pages\/11\/revisions\/380"}],"wp:attachment":[{"href":"https:\/\/looduskiiker.ee\/loodusgiid\/wp-json\/wp\/v2\/media?parent=11"}],"curies":[{"name":"wp","href":"https:\/\/api.w.org\/{rel}","templated":true}]}}